= -3*j - 26. List the prime factors of j.
3, 5
Suppose -p + 27 = -4*g, -5*p = -p - 4*g - 168. What are the prime factors of p?
47
Suppose 5*c - 3*c = 16. Suppose c + 7 = h. List the prime factors of h.
3, 5
Let d(h) = 6*h - 18. List the prime factors of d(9).
2, 3
Suppose -3*d + 132 - 3 = 0. What are the prime factors of d?
43
Let l = -26 + 70. What are the prime factors of l?
2, 11
Let v(h) = h**3 - 6*h**2 + 4. Let g be v(6). Let z = g + -9. What are the prime factors of (-2)/z - 39/(-15)?
3
Let m = 59 - -89. Suppose 0 = 4*v + 3*d - m, 3*v + 2*v - 212 = 3*d. List the prime factors of v.
2, 5
Let r = 5 - 5. Suppose 0 = -x - 4*d + 23, r = 3*x - 2*d - 13. What are the prime factors of x?
7
Let c = -9 - 1. Let z = 0 - 2. Let p = z - c. List the prime factors of p.
2
Let n = 16 + -4. Suppose j - 2*j = -n. List the prime factors of j.
2, 3
Let s be (-1 - (-1 - 1)) + 0. Let h = s - -4. What are the prime factors of h?
5
Let i = 72 + -48. Suppose 4*q = 5*q + 14. Let h = i + q. List the prime factors of h.
2, 5
Suppose -5*f + 8*f - 15 = 0. Suppose -8 = -3*b - m, f*m - 1 = -b - b. What are the prime factors of b?
3
Let s(r) = -3*r**3 + 2*r**2 - 5*r + 7. Let t(m) = 16*m**3 - 9*m**2 + 25*m - 36. Let b(j) = -11*s(j) - 2*t(j). What are the prime factors of b(4)?
3, 5
Suppose 4*t + w + 387 = 7*t, -4*t - w = -509. List the prime factors of t.
2
Suppose 11*h = 14*h - 228. List the prime factors of h.
2, 19
Suppose -237 = a - 4*a. List the prime factors of a.
79
Let q(s) = 2*s - 5. Let p be q(4). Suppose -5*l + 4 = -p*l. What are the prime factors of l?
2
Let x = 4 - -3. Suppose 0 = -3*n + x - 1. Suppose 2*q + 2*f = -2*q + 44, -32 = -n*q + 4*f. What are the prime factors of q?
2, 3
Let q = 14 + 8. List the prime factors of q.
2, 11
Let n be 24/(-4)*(-1)/2. List the prime factors of 40 - ((1 - 3) + n).
3, 13
Suppose -h - 3*c = -2*c - 60, 300 = 5*h + 4*c. Suppose 0*v - 4*v + h = 0. List the prime factors of v.
3, 5
Suppose 3*i - 59 = -4*n + 109, -2*i + 2*n + 126 = 0. What are the prime factors of i?
2, 3, 5
Suppose 3*r - 2 = 10. Suppose -5*a + x + 27 = -0*a, -6 = -3*a + r*x. What are the prime factors of a?
2, 3
Suppose -z = 3*m - 13, 3*m + 2*z - 6 = 8. What are the prime factors of (2/m)/(1/4)?
2
Let i(n) = -16*n**3 - n**2 - n - 1. Let b be i(-1). Let g be ((-6)/b)/((-2)/20). What are the prime factors of 6*(g/(-3))/(-2)?
2
What are the prime factors of 1/3*(63 - 0)?
3, 7
Let g(o) = 13*o + 1 + 10*o**2 + 2*o - 3*o + o**3. Let d be g(-8). Suppose -d = -4*x + 11. What are the prime factors of x?
11
Let b = -2 + -2. List the prime factors of (-3)/b*(23 + 1).
2, 3
Let g(u) = -2*u + 2 + 8*u - 2*u. What are the prime factors of g(3)?
2, 7
Suppose -h - 3*b + 321 = 2*h, h - 115 = 3*b. List the prime factors of h.
109
Let i(v) = 2*v - 9. Let a be i(8). Suppose 5*w = -a + 22. What are the prime factors of w?
3
Suppose 0 = 3*v - 8*v + 40. Let t(r) = -r**2 + 1. Let q(c) = -7*c**2 + 8*c - 6. Let s(l) = -q(l) + 6*t(l). List the prime factors of s(v).
2, 3
Let f be 2/(-4) + (-2)/(-4). Let i = 6 + f. What are the prime factors of i?
2, 3
Let a(j) = j**3 + 17*j**2 - 4*j - 25. List the prime factors of a(-17).
43
List the prime factors of (-7)/(-3)*51/17.
7
Let p = -4 - -22. Suppose -2*s + 0 = -8. Let u = p - s. List the prime factors of u.
2, 7
Let q be -1 + (0 - 1 - -2). Suppose 5*k - 10 = -q*k. Let u = 0 + k. What are the prime factors of u?
2
Suppose 27*g = 29*g - 116. List the prime factors of g.
2, 29
Let x = -471 + 694. What are the prime factors of x?
223
Let n = -66 + 82. What are the prime factors of n?
2
Let h(a) = 9*a + 4. Let d be h(3). Let m = -22 - -3. Let n = d + m. List the prime factors of n.
2, 3
Suppose 4*u + 12 = -480. Let h = -83 - u. What are the prime factors of h?
2, 5
Let w(x) = x**2 - 9*x + 10. Let z be w(7). Let m(f) be the first derivative of -3*f**2/2 - 2. List the prime factors of m(z).
2, 3
Suppose p - 2*u = -53, -2*u - u + 279 = -5*p. Let d be p/(-15) + (-1)/(-5). Let o = 11 - d. List the prime factors of o.
7
Suppose 0 = -o - 4 + 8. Suppose -w - o*w = -10. List the prime factors of ((-2)/(-3))/(w/9).
3
Let w(r) = r - 3. Let l be w(4). What are the prime factors of (l/(-3))/(3/(-117))?
13
Suppose 4*n + 4*u - 2*u - 94 = 0, 2*u - 16 = -n. What are the prime factors of n?
2, 13
Suppose 5*q = -g - 4*g - 15, 0 = -2*g - 6. Suppose 0 = -2*f + 26 - q. List the prime factors of f.
13
Suppose -x - 2*x - 3 = 0, -t = x - 100. List the prime factors of t.
101
List the prime factors of 2/(-4) + (-10)/20 + 10.
3
List the prime factors of 393 + (-2 - 1) + -1.
389
Let k(z) = 2*z - 2. Let m be k(2). Suppose 4*v + 2 = m*l - l, 0 = v. Suppose 0 = 4*x - l*x - 28. List the prime factors of x.
2, 7
Let f be (2 + 2)*(-3)/4. Let q = -1 - f. Suppose -4*z + 24 = q*i, 0*z + 12 = 2*z - 5*i. List the prime factors of z.
2, 3
Suppose 0 = 2*q + 6, -2*q + 243 = 6*m - 3*m. List the prime factors of m.
83
Suppose 0 = 2*u - u - 25. List the prime factors of u.
5
Let n be 26/10 - (-10)/25. Suppose -f - 1 = -x - 0, -2*x = n*f - 17. What are the prime factors of 57/6 + 2/x?
2, 5
Suppose 3*o + 2976 = 15*o. What are the prime factors of o?
2, 31
Suppose 3*q - 335 = -0*b - 5*b, -3*q = -2*b + 113. What are the prime factors of b?
2
Suppose -5*s - 35 = -0*s. Let o = 9 - s. What are the prime factors of o?
2
Suppose 0*x + 4*x + q = 0, x + 3*q - 11 = 0. List the prime factors of (-1 + -9)/(x/4).
2, 5
Suppose -3*m + 4 = -m. Suppose -f + m*d + 64 = 0, -3*f - 38 = -d - 220. Suppose f = 6*b - b. List the prime factors of b.
2, 3
Let m(u) = -u**3 + 6*u**2 + 2*u - 10. Let z be m(7). List the prime factors of ((-32)/12)/(6/z).
2, 5
Suppose 4*a = a, -q = 2*a - 16. What are the prime factors of q?
2
Let m(k) be the first derivative of k**4/4 - 2*k**3 + 4*k**2 - 3*k + 1. List the prime factors of m(5).
2, 3
Let k(t) be the second derivative of -t**4/12 + 5*t**2/2 - t. Let y be k(0). Suppose 0 = -v + y*a + 7 + 8, -2*v + 25 = -5*a. What are the prime factors of v?
2, 5
Let i(j) = -j. Let l be 2*1/2 - 4. Let f be i(l). Suppose -2*c - 3*c = 5*z - 85, 41 = f*z + c. List the prime factors of z.
2, 3
Let c = 96 - 264. List the prime factors of c/(-10) + (-3)/(-15).
17
Suppose -230 = h - 6*h. List the prime factors of h.
2, 23
Suppose -5*v - 9 = -a, -2*v - v = -4*a + 2. Let l = v + 14. What are the prime factors of l?
2, 3
Let x be 153/(7/(-2) + 2). Let h = -31 - x. Suppose -3*g - 12 = 0, -5*v - 2*g - 29 = -h. What are the prime factors of v?
2, 5
What are the prime factors of (1 - 5/2)*(-1 + -77)?
3, 13
Let v = -2 + 4. Let x = 50 - v. Suppose -x = -4*f - 0*f. What are the prime factors of f?
2, 3
Let a(p) = p**3 + 3*p**2 - 2*p - 2. Let x be a(-3). Let z be 2/(-4) - (-14)/4. Suppose -2*h - 2*h - z = m, 48 = x*m - 4*h. What are the prime factors of m?
3
Suppose 2*g + 0 = 5*u - 8, -2*g = 5*u - 32. List the prime factors of g.
2, 3
Let u(s) be the second derivative of -s**3 - 3*s**2/2 - s. What are the prime factors of u(-2)?
3
Let i = 6 + -4. Let t be 28 + (i - 1) + 0. Suppose t + 21 = 5*u. What are the prime factors of u?
2, 5
Let p(d) = 16*d**2 + d. List the prime factors of p(2).
2, 3, 11
Suppose 0*h + 3*h + 6 = 0. Let o be -3 + ((-8)/h - -3). Suppose v + 5 = 3*f - 3, 4*v - 48 = -o*f. What are the prime factors of v?
7
Let l(y) = -y**3 + 5*y**2 + 2*y - 5. Suppose -g = -5*k + 8 + 31, 5*k + 2*g = 42. Let n(r) = r**3 - 8*r**2 + 5. Let j be n(k). List the prime factors of l(j).
5
Let v(y) = y**2 - y + 1. Let r be v(1). What are the prime factors of 3/(r/((-14)/(-2)))?
3, 7
Let y(v) be the second derivative of 19*v**5/10 + v**4/12 - v**3/6 + v**2/2 - 7*v. List the prime factors of y(1).
3, 13
Let w(z) = -z**3 + z**2 - 6*z - 4. List the prime factors of w(-4).
2, 5
Suppose 2*q - 38 = 2*g, -q + 76 = 3*q - g. List the prime factors of q.
19
Let l be (-6 - -3 - -3)/1. Suppose l = -3*j + 16 - 4. What are the prime factors of 2/j*28/2?
7
Let m(o) be the third derivative of o**5/30 + o**4/12 - o**3/3 - o**2. Let t be m(-2). Suppose 0*z - 6 = -t*z. List the prime factors of z.
3
Let f be ((-15)/(-9))/(2/6). Let z(n) = -n**3 + 5*n**2 + 2*n + 6. What are the prime factors of z(f)?
2
Let u(l) = l - 8. Let s be u(8). Let d = 3 + s. What are the prime factors of d?
3
Let l(f) = 4*f + 86. What are the prime factors of l(0)